when 3577 is divided by 67?
26
Calculate the remainder when 587157 is divided by 286.
285
Calculate the remainder when 1888 is divided by 1608.
280
What is the remainder when 226770 is divided by 14?
12
What is the remainder when 34066 is divided by 163?
162
Calculate the remainder when 7026 is divided by 2301.
123
What is the remainder when 649 is divided by 323?
3
What is the remainder when 8939 is divided by 711?
407
Calculate the remainder when 3687 is divided by 1426.
835
What is the remainder when 23295 is divided by 28?
27
What is the remainder when 129312 is divided by 689?
469
What is the remainder when 2095 is divided by 346?
19
Calculate the remainder when 15431 is divided by 7696.
39
What is the remainder when 440 is divided by 12?
8
What is the remainder when 3873 is divided by 129?
3
What is the remainder when 9979 is divided by 97?
85
Calculate the remainder when 63562 is divided by 489.
481
Calculate the remainder when 36438 is divided by 141.
60
What is the remainder when 6802 is divided by 104?
42
Calculate the remainder when 1160 is divided by 452.
256
Calculate the remainder when 860 is divided by 207.
32
Calculate the remainder when 125134 is divided by 66.
64
Calculate the remainder when 459 is divided by 186.
87
Calculate the remainder when 6314 is divided by 1963.
425
Calculate the remainder when 41415 is divided by 10347.
27
What is the remainder when 682 is divided by 187?
121
Calculate the remainder when 4095 is divided by 41.
36
Calculate the remainder when 778568 is divided by 2110.
2088
What is the remainder when 151370 is divided by 664?
642
What is the remainder when 130616 is divided by 46?
22
Calculate the remainder when 15081 is divided by 2154.
3
What is the remainder when 24464 is divided by 175?
139
Calculate the remainder when 30516 is divided by 3811.
28
Calculate the remainder when 42048 is divided by 40.
8
What is the remainder when 13823 is divided by 55?
18
What is the remainder when 44584 is divided by 22238?
108
Calculate the remainder when 1612 is divided by 80.
12
Calculate the remainder when 4207 is divided by 235.
212
Calculate the remainder when 17613 is divided by 839.
833
What is the remainder when 11212 is divided by 11153?
59
Calculate the remainder when 601009 is divided by 388.
385
Calculate the remainder when 248577 is divided by 2437.
3
What is the remainder when 811253 is divided by 8?
5
What is the remainder when 708 is divided by 213?
69
Calculate the remainder when 133534 is divided by 20.
14
What is the remainder when 22330 is divided by 2207?
260
What is the remainder when 124983 is divided by 41656?
15
Calculate the remainder when 1361 is divided by 191.
24
What is the remainder when 12070 is divided by 241?
20
Calculate the remainder when 100699 is divided by 7.
4
Calculate the remainder when 115860 is divided by 19.
17
What is the remainder when 16631 is divided by 141?
134
What is the remainder when 18164 is divided by 4538?
12
Calculate the remainder when 8240 is divided by 1942.
472
What is the remainder when 1668 is divided by 466?
270
Calculate the remainder when 2555 is divided by 508.
15
Calculate the remainder when 7665975 is divided by 191.
190
What is the remainder when 49793 is divided by 16?
1
What is the remainder when 123 is divided by 17?
4
Calculate the remainder when 37906 is divided by 39.
37
Calculate the remainder when 1952 is divided by 952.
48
What is the remainder when 95397 is divided by 45?
42
Calculate the remainder when 1110719 is divided by 79337.
1
What is the remainder when 10931 is divided by 421?
406
What is the remainder when 1999 is divided by 663?
10
What is the remainder when 1963 is divided by 381?
58
Calculate the remainder when 2949 is divided by 974.
27
Calculate the remainder when 3946 is divided by 159.
130
What is the remainder when 812012 is divided by 162?
68
Calculate the remainder when 59528 is divided by 662.
610
What is the remainder when 29784 is divided by 7?
6
What is the remainder when 686563 is divided by 106?
1
Calculate the remainder when 2703 is divided by 1128.
447
What is the remainder when 851 is divided by 22?
15
What is the remainder when 386259 is divided by 124?
123
Calculate the remainder when 55127 is divided by 1528.
119
What is the remainder when 94101 is divided by 11?
7
What is the remainder when 493876 is divided by 33?
31
Calculate the remainder when 12730 is divided by 4238.
16
What is the remainder when 3512 is divided by 392?
376
What is the remainder when 211570 is divided by 105778?
14
What is the remainder when 21976 is divided by 13?
6
Calculate the remainder when 1904 is divided by 380.
4
What is the remainder when 19384 is divided by 194?
178
What is the remainder when 1177 is divided by 283?
45
What is the remainder when 37339 is divided by 27?
25
What is the remainder when 40573 is divided by 20267?
39
Calculate the remainder when 23657 is divided by 1863.
1301
What is the remainder when 7746 is divided by 251?
216
What is the remainder when 1294 is divided by 319?
18
Calculate the remainder when 19195 is divided by 770.
715
What is the remainder when 5308 is divided by 312?
4
What is the remainder when 740 is divided by 13?
12
Calculate the remainder when 832 is divided by 61.
39
What is the remainder when 284668 is divided by 1227?
4
Calculate the remainder when 705507 is divided by 810.
807
Calculate the remainder when 401933 is divided by 45.
38
Calculate the remainder when 17474 is divided by 8576.
322
Calculate the remainder when 273189 is divided by 3501.
111
What is the remainder when 1072 is divided by 60?
52
What is the remainder when 16533 is divided by 37?
31
Calculate the remainder when 2306 is divided by 628.
422
What is the remainder when 3520835 is divided by 396?
395
Calculate the remainder when 8516 is divided by 277.
206
Calculate the remainder when 12631 is divided by 4159.
154
What is the remainder when 18008 is divided by 200?
8
Calculate the remainder when 187441 is divided by 23.
14
Calculate the remainder when 607710 is divided by 82.
8
Calculate the remainder when 7842 is divided by 1567.
7
Calculate the remainder when 5997 is divided by 1494.
21
Calculate the remainder when 17148 is divided by 745.
13
What is the remainder when 323 is divided by 316?
7
Calculate the remainder when 66845 is divided by 244.
233
Calculate the remainder when 257373 is divided by 759.
72
Calculate the remainder when 1176243 is divided by 9721.
2
What is the remainder when 23089 is divided by 19?
4
What is the remainder when 424 is divided by 37?
17
What is the remainder when 5179 is divided by 68?
11
What is the remainder when 473 is divided by 97?
85
Calculate the remainder when 4512850 is divided by 9.
7
Calculate the remainder when 4669 is divided by 927.
34
Calculate the remainder when 587 is divided by 233.
121
What is the remainder when 62197 is divided by 57?
10
Calculate the remainder when 1035 is divided by 509.
17
Calculate the remainder when 50549 is divided by 902.
37
Calculate the remainder when 2824 is divided by 201.
10
Calculate the remainder when 2387 is divided by 788.
23
What is the remainder when 4538 is divided by 1827?
884
What is the remainder when 157629 is divided by 538?
533
What is the remainder when 26844 is divided by 4474?
0
What is the remainder when 161214 is divided by 82?
2
Calculate the remainder when 131057 is divided by 142.
133
What is the remainder when 7335249 is divided by 54?
51
Calculate the remainder when 796114 is divided by 1781.
7
Calculate the remainder when 3204 is divided by 62.
42
Calculate the remainder when 2041 is divided by 454.
225
Calculate the remainder when 99914 is divided by 427.
423
Calculate the remainder when 5670 is divided by 667.
334
What is the remainder when 225942 is divided by 45187?
7
What is the remainder when 4471 is divided by 82?
43
Calculate the remainder when 187331 is divided by 345.
341
What is the remainder when 37475 is divided by 20?
15
Calculate the remainder when 31109 is divided by 10366.
11
What is the remainder when 7610 is divided by 380?
10
Calculate the remainder when 3358 is divided by 1953.
1405
Calculate the remainder when 3241 is divided by 1074.
19
Calculate the remainder when 75167 is divid